{"id":1198,"date":"2023-03-23T11:36:35","date_gmt":"2023-03-23T09:36:35","guid":{"rendered":"http:\/\/expertise-rh.ch\/blog\/?page_id=1198"},"modified":"2023-05-26T09:31:34","modified_gmt":"2023-05-26T07:31:34","slug":"prevention-du-harcelement-sexuel-au-travail","status":"publish","type":"page","link":"https:\/\/expertise-rh.ch\/blog\/?page_id=1198","title":{"rendered":"Pr\u00e9vention du harc\u00e8lement sexuel au travail"},"content":{"rendered":"\n<p>\u00ab\u00a0Mon coll\u00e8gue a un calendrier avec des photos de femmes nues dans son bureau, je n\u2019ai plus du tout envie d\u2019y aller. Que dois-je faire ?\u00a0\u00bb<br>\u00ab\u00a0Et quand mon coll\u00e8gue repart sur ses gags d\u00e9plac\u00e9s voire obsc\u00e8nes, comment dois-je r\u00e9agir?\u00a0\u00bb<br>\u00ab\u00a0Y a-t-il des moyens efficaces pour pr\u00e9venir le harc\u00e8lement sexuel au travail ? Quelles sont les bonnes pratiques en la mati\u00e8re ?\u00a0\u00bb<br><\/p>\n\n\n\n<p>J&rsquo;anime une formation pour vous aider \u00e0 r\u00e9pondre \u00e0 ces questions avec une coll\u00e8gue psychologue sp\u00e9cialis\u00e9e en sant\u00e9 sexuelle. &nbsp;Cette formation est propos\u00e9e  en collaboration avec l&rsquo;OCEF (office cantonal de l&rsquo;\u00e9galit\u00e9 et de la famille) et HR Valais. <\/p>\n\n\n\n<p>\u27a1\ufe0f Pour les employeurs souhaitant accueillir ce cours \u00e0 l\u2019interne pour leurs cadres\/responsables RH, l\u2019OCEF peut apporter un soutien financier (maximum 10 employeurs en 2023).<br>\u27a1\ufe0f Pour plus d\u2019informations, merci de me contacter (<a href=\"mailto:info@expertise-rh.ch\">info@expertise-rh.ch<\/a>). <br>\u27a1\ufe0f Inscriptions sur le site de l&rsquo;OCEF :&nbsp;<a href=\"https:\/\/www.egalite-vs.ch\/fr\/plateforme-cantonale-valaisanne-pour-l-egalite\/formations\/prevenir-le-harcelement-sexuel-au-travail-pour-rh-et-managers-8072\/\">https:\/\/lnkd.in\/eV52uujw<\/a><br><\/p>\n","protected":false},"excerpt":{"rendered":"<p>\u00ab\u00a0Mon coll\u00e8gue a un calendrier avec des photos de femmes nues dans son bureau, je n\u2019ai plus du tout envie d\u2019y aller. Que dois-je faire ?\u00a0\u00bb\u00ab\u00a0Et quand mon coll\u00e8gue repart sur ses gags d\u00e9plac\u00e9s voire obsc\u00e8nes, comment dois-je r\u00e9agir?\u00a0\u00bb\u00ab\u00a0Y a-t-il des moyens efficaces pour pr\u00e9venir le harc\u00e8lement sexuel au travail [&hellip;]<\/p>\n","protected":false},"author":2,"featured_media":0,"parent":0,"menu_order":0,"comment_status":"closed","ping_status":"closed","template":"","meta":{"_mi_skip_tracking":false,"footnotes":""},"class_list":["post-1198","page","type-page","status-publish","hentry"],"aioseo_notices":[],"_links":{"self":[{"href":"https:\/\/expertise-rh.ch\/blog\/index.php?rest_route=\/wp\/v2\/pages\/1198","targetHints":{"allow":["GET"]}}],"collection":[{"href":"https:\/\/expertise-rh.ch\/blog\/index.php?rest_route=\/wp\/v2\/pages"}],"about":[{"href":"https:\/\/expertise-rh.ch\/blog\/index.php?rest_route=\/wp\/v2\/types\/page"}],"author":[{"embeddable":true,"href":"https:\/\/expertise-rh.ch\/blog\/index.php?rest_route=\/wp\/v2\/users\/2"}],"replies":[{"embeddable":true,"href":"https:\/\/expertise-rh.ch\/blog\/index.php?rest_route=%2Fwp%2Fv2%2Fcomments&post=1198"}],"version-history":[{"count":5,"href":"https:\/\/expertise-rh.ch\/blog\/index.php?rest_route=\/wp\/v2\/pages\/1198\/revisions"}],"predecessor-version":[{"id":1335,"href":"https:\/\/expertise-rh.ch\/blog\/index.php?rest_route=\/wp\/v2\/pages\/1198\/revisions\/1335"}],"wp:attachment":[{"href":"https:\/\/expertise-rh.ch\/blog\/index.php?rest_route=%2Fwp%2Fv2%2Fmedia&parent=1198"}],"curies":[{"name":"wp","href":"https:\/\/api.w.org\/{rel}","templated":true}]}}

Prévention du harcèlement sexuel au travail

<p>« Mon collègue a un calendrier avec des photos de femmes nues dans son bureau, je n’ai plus du tout envie d’y aller. Que dois-je faire ? »<br>« Et quand mon collègue repart sur ses gags déplacés voire obscènes, comment dois-je réagir? »<br>« Y a-t-il des moyens efficaces pour prévenir le harcèlement sexuel au travail ? Quelles sont les bonnes pratiques en la matière ? »<br></p>



<p>J&rsquo;anime une formation pour vous aider à répondre à ces questions avec une collègue psychologue spécialisée en santé sexuelle. &nbsp;Cette formation est proposée  en collaboration avec l&rsquo;OCEF (office cantonal de l&rsquo;égalité et de la famille) et HR Valais. </p>



<p>➡️ Pour les employeurs souhaitant accueillir ce cours à l’interne pour leurs cadres/responsables RH, l’OCEF peut apporter un soutien financier (maximum 10 employeurs en 2023).<br>➡️ Pour plus d’informations, merci de me contacter (<a href="mailto:info@expertise-rh.ch">info@expertise-rh.ch</a>). <br>➡️ Inscriptions sur le site de l&rsquo;OCEF :&nbsp;<a href="https://www.egalite-vs.ch/fr/plateforme-cantonale-valaisanne-pour-l-egalite/formations/prevenir-le-harcelement-sexuel-au-travail-pour-rh-et-managers-8072/">https://lnkd.in/eV52uujw</a><br></p>

<p>« Mon collègue a un calendrier avec des photos de femmes nues dans son bureau, je n’ai plus du tout envie d’y aller. Que dois-je faire ? »« Et quand mon collègue repart sur ses gags déplacés voire obscènes, comment dois-je réagir? »« Y a-t-il des moyens efficaces pour prévenir le harcèlement sexuel au travail [&hellip;]</p>
